{"id":3522,"date":"2016-03-09T12:49:09","date_gmt":"2016-03-09T12:49:09","guid":{"rendered":"http:\/\/ninzio.com\/focuson\/?page_id=2"},"modified":"2018-12-16T22:03:51","modified_gmt":"2018-12-16T22:03:51","slug":"indirizzo-del-presidente","status":"publish","type":"page","link":"https:\/\/aacippbc.com\/content\/italien\/indirizzo-del-presidente\/","title":{"rendered":"Parola del presidente"},"content":{"rendered":"<p><img loading=\"lazy\" decoding=\"async\" class=\"size-medium wp-image-4017 alignleft\" src=\"http:\/\/aacippbc.com\/content\/italien\/wp-content\/uploads\/sites\/6\/2016\/11\/president-1084-300x300.jpg\" alt=\"Mot du pr\u00e9sident\" width=\"300\" height=\"300\" srcset=\"https:\/\/aacippbc.com\/content\/italien\/wp-content\/uploads\/sites\/6\/2016\/11\/president-1084-300x300.jpg 300w, https:\/\/aacippbc.com\/content\/italien\/wp-content\/uploads\/sites\/6\/2016\/11\/president-1084-150x150.jpg 150w, https:\/\/aacippbc.com\/content\/italien\/wp-content\/uploads\/sites\/6\/2016\/11\/president-1084-440x440.jpg 440w, https:\/\/aacippbc.com\/content\/italien\/wp-content\/uploads\/sites\/6\/2016\/11\/president-1084-180x180.jpg 180w, https:\/\/aacippbc.com\/content\/italien\/wp-content\/uploads\/sites\/6\/2016\/11\/president-1084-600x600.jpg 600w, https:\/\/aacippbc.com\/content\/italien\/wp-content\/uploads\/sites\/6\/2016\/11\/president-1084.jpg 640w\" sizes=\"auto, (max-width: 300px) 100vw, 300px\" \/><\/p>\n<p>Di prim\u2019acchito, rendo omaggio al mio defunto genitore, il compianto mio padre, Robert Ndefi Antima. \u00c8 stato allora, come pure continua ad esserlo oggi, la fonte di ispirazione di sempre; dalla giovane et\u00e0 con tutte le sue impressionanti attivit\u00e0 agricole. Tra l\u2019altro, il suo esempio assume particolare significato in quanto Egli, cio\u00e8 mio padre, di formazione era psicopedagogo cio\u00e8 un professionista dell\u2019insegnamento, un istruito con doti matematici; doti tutte espresse attraverso la sua grande fede e le sue attivit\u00e0 di filantropia. Fu anche un alto funzionario dello Stato. Che la sua anima riposa in pace e che suo spirito continua a guidarci.<\/p>\n<p>Un pensiero di bei ricordi \u00e8 anche emesso al riguardo del nostro carissimo compianto fratello maggiore Andre Diwata N\u2019sonde vedy, Tenente pilota di aeri da caccia, poi di linee commerciali; formato negli Stati Uniti all\u2019inizio degli anni 70. Fu un modello di coraggio e di perseveranza per me. Ci ha anche lasciato troppo presto, come \u00e8 successo per nostro padre. Pace a sua anima!<\/p>\n<p>L\u2019AACIPPBC \u00e8 nata partendo dal mio percorso personale, una esperienza certamente intrisa da mille ed una difficolt\u00e0 di ogni genere che ho vissuto dal 2006 attraverso la mia impresa personale NB\/AGRIMODERNE ( e tra queste vanno annoverate la mancanza di controllo di alcuni dati e parametri in loco a Brazzaville, l\u2019 assenza di tecnici specializzati nel settore di manutenzione di macchine agricole, la carenza di pezzi di ricambi di ogni genere e quant\u2019 altro!), \u00e8 per me attodovuto poter ringraziare, dal profondo di cuore, tutti coloro che mi hanno aiutato in un modo od in un altro, da vicino o da lontano sia finanziariamente che moralmente e sono numerosi.<\/p>\n<p>Tra di essi, particolare pensiero va al vice-presidente della nostra AACIPPBC, il colonnello Mbonokouo-Mpaan B\u00e9home e al signor Mpio Andr\u00e9 di Brazzaville che per me sono forzatamente divenuti dei veri e propri fratelli maggiori. Cos\u00ec come non posso non ringraziare anche il Generale Nkonta Mokono Prosper per i suoi preziosi consigli ed il suo sostegno ed incoraggiamento morale.<\/p>\n<p>Un gran ringraziamento al nostro segretario amministrativo, Diabassenga Athanas Man per il lavoro abbattuto.<\/p>\n<p>Un pensiero di riconoscenza per nostro fratello maggiore, il defunto Babakila Gaston, chi ci ha ispirati nel quadro della Cooprcc, senza dimenticare suo fratello minore Bounanidi Paulin, chi continua a incoraggiarci.<br \/>\nRingrazio inoltre i miei fratelli maggiori Antima Ndefi Robert che vive in Canada e Robert Ndefi Diassivoukoua di stanza a Brazzaville, nella Repubblica del Congo.<\/p>\n<p>Ringrazio Dott. medico Mfwamba Banlongo per tutto quello che ha fatto per aiutarci, io e tutti miei fratelli e sorelle. \u00c8 un modello per noi ed \u00e8 stato sempre una persona fedele, un nostro protettore, dopoil decesso del nostro padre.<\/p>\n<p>A mia sorella maggiore Elise Mfwamba Diamatondo, chi mi ha sostenuto nei miei progetti, senza dimenticare tutta la famiglia Mfwamba, dico grazie mille per tutto.<\/p>\n<p>Ringrazio mia sorella Maguy Mabondo Ndefi e suo marito Norbert Mvita Benabo, per loro sostegno alla famiglia, in particolare a miei fratelli minori e sorelle. Ne sono riconoscente.<\/p>\n<p>A miei giovani fratelli, Dott. medico Robert Ndefi Antima Yadiswa;Dott. Ing. Dublin Luamba Ndefi; a mia sorella minore Robertine Nsunda Ndefi, dico grazie.<\/p>\n<p>Un gran ringraziamento ed una riconoscenza, particolari, vanno alla famiglia Nicola Cangiano di Trentola Ducenta nel casertano che, sin dagli albori del mio percorso italiano, mi ha subito adottato; cos\u00ec al mio fratello maggiore, in ossequio alla nostra cultura africana, Umberto Cangiano ed alla sua gentile consorte Carla nonch\u00e9 al compianto papa Nicola Cangiano ed a mamma Antonietta; a tutti dico grazie.<br \/>\nGrazie anche alla mia madre, signora Belawandi Benique, a mia sorella Mbombi Liliane senza dimenticare il compianto Vasco Vakanda, suo compagno; a tutti dico un sincero grazie.<\/p>\n<p>Ringrazio anche il mio fratello maggiore, il professor Mukuna Samulomba Malaku e consorte, la Dottoressa Valentini Clara e loro figli. Cos\u00ec come dico grazie a mio amico Marco De Bernardinis Roberto e consorte, la signora Giorgia Bandini di Tortoreto Alto sempre in Italia e loro figli. A tutti, un grazie di cuore per tutto.<\/p>\n<p>Un grande grazie anche agli abitanti del villaggio di Mb\u00e9 e Inoni per la loro ospitalit\u00e0 e fiducia da loro riposta nella mia persona. Cos\u00ec come esprimo tutto il mio ringraziamento e tutta mia riconoscenza al colonnello Philippe Mockouamy e famiglia per le terre da coltivare da loro concesse all\u2019AACIPPPBC.<\/p>\n<p>Ritengo comunque opportuno ringraziare tutti quanti che sin dall\u2019 inizio hanno scommesso sulla mia persona credendo in me e nella mia agognata visione di creare ed istituire una associazione per raggruppare agricoltori dei plateaux Bat\u00e9k\u00e9 e del pool nel Congo. Ovviamente con chiari intenti di espansione a tutto il territorio nazionale e oltre; proprio per lavorare assieme allo scopo di promuovere essenzialmente la meccanizzazione ovvero la modernizzazione del settore agricolo in tutte le regioni dell\u2019Africa centrale.<\/p>\n<p>Tra quest\u2019 ultimi, vanno annoverati Akouli Guy, il compianto colonnello Moundze Francesco, Bilembolo Paul, Dianzenza Ndefi Hector, Loukanou Ndefi Roberson, Babakila Ndefi Robert, Massamba Lubaki, Mayassi Philippe, Ollandet Chantal Julie, Guimezap Sokeng Thierry, Boukaka Lambert, Loubouenadio Bibila Monique, Nzouzi Mireille Yollande-Lydie, Milongo Miakassissa Guerlain Grace, Bassemoukina Solange, Mansouela-Makiesse Jean-Roger Axel, Koussoumina Rigobert, Oko Bruno, Etzoula Laurent, Okouere Ghyslain, Ngalouoli Albertine, Malinastevie, Onvala Martin, Didissa Julienne, Nkounkou Patricia, Ngayan Adolphine, Maba Juldas, Kibo Georgette, Otini Patricia, Longo Kifulu Didier, Mounga Hannebicque, Mounga Gaston, Badila Boukaka Dardel Raugeance, Bakitanga Vedder, Bonolo Mireille, Ndefi Diassivoukoua Caleb, Massamba-Bonda Sara, Afoumpoulo Pauline, ecc\u2026.<\/p>\n<p>Cos\u00ec facendo, le vostre firme liberamente apposte sul documento da me a voi proposto hanno contribuito non solo a far nascere la nostra associazione e cio\u00e8 l\u2019AACIPPBC; ma anche a farla riconoscere e legalizzare sia in Congo che in Italia. In soldoni, siete comunque veri e propri co-fondatori della medesima cio\u00e8 della nostra AACIPPBC. Rammentiamo en passant che l\u2019associazione \u00e8 stata creata essenzialmente per voi, \u201cpiccoli agricoltori e contadini\u201d e dovete legittimamente esserne fieri.<\/p>\n<p>I miei ringraziamenti vanno oltremodo allo stato congolese, tutto, chi per via dei nostri atti costitutivi ci ha riconosciuto come associazione a carattere socio-economico. Quest\u2019 ultimo che, specie in contesto africano e non solo, \u00e8 un modello di economia sociale assolutamente innovativo nell\u2019 ambito agricolo e che si ispira al modello italiano di piccole e medie imprese volto a modernizzare l\u2019agricoltura in Congo specie a livello dei piccoli produttori tradizionali.<\/p>\n<p>Infine, gli stessi ringraziamenti vanno rivolti anche all\u2019Ambasciata d\u2019Italia presso la Repubblica del Congo che ci ha sostenuto nel perfezionamento delle procedure amministrative ed a tutte le altre istituzioni italiane tanto a livello centrale che locale che hanno capito, incoraggiato ed approvato l\u2019AACIPPBC e le sue iniziative. Forse, il fatto di operare anche in quanto struttura non solo socio-economico ma anche ampliata ad attivit\u00e0 socio-culturale pu\u00f2 aver facilitato il nostro iter volto a migliorare le condizioni di tutti gli agricoltori membri dell\u2019AACIPPBC.<\/p>\n<p>Va ricordato che la recente riforma del c.d. <strong>TERZO-SETTORE<\/strong> in Italia ha costituito il solco d\u2019ispirazione e di orientamento del nostro modus operandi esattamente all\u2019 indirizzo illustrato in materia dal Presidente del Consiglio <strong>Matteo Renzi<\/strong> e quindi dalla Direzione Generale alla Cooperazione italiana e della sua Agenzia per la Cooperazione allo Sviluppo in particolare e dal MAECI in generale.<\/p>\n<p>L\u2019AACIPPBC rimane tuttavia un organismo autonomo sia dal punto di vista strutturale che funzionale e la sua azione si integra pienamente nel modello individuato dalle indicazioni poste in essere dalla cooperazione internazionale di vicinanza e quindi largamente flessibile e dinamico. E quindi, rebus stanti bus e sotto questo profilo, una specie di ONG; anzi \u00e8, di fatto, una vera e propria ONG.<\/p>\n<p>Essa \u00e8 un organismo di sviluppo a carattere socio-economico di essenza agricolo i cui principi sono informati ai principi di resilienza, alla durata nel tempo, alla giustizia distributiva e equit\u00e0. Dal punto di vista operativo, l\u2019AACIPPBC agisce in forma di impresa ovvero un gruppo di tipo associativo-cooperativo concepito e creato non su base di capitale monetario ma su base di capitale dato da risorse umane, da lavoro volontario dei soci, di mutua fiducia e reciproco rispetto volto a raggiungimento d\u2019interesse comune. Naturalmente e stante la sua natura costitutiva, l\u2019AACIPPBC investe le sue prospettive di successo non solo nella volont\u00e0 di soci ma soprattutto nella determinazione di essi nonch\u00e9 nel sostegno ed accompagnamento finanziario degli Stati e quindi delle loro agenzie e\/o istituzioni specializzate ma anche di altri organismi di tipo associativo o cooperativo, ma anche da altre forme di societ\u00e0 e da privati; il tutto in ottica di partenariato gagnant-gagnant.<\/p>\n<p>L\u2019AACIPPBC si prefigge di creare lavoro anche remunerato attraverso servizi ed attivit\u00e0 produttive di varia natura in prevalenza nell\u2019 industria agro-alimentare ed altri settori connessi. Il tutto finalizzato a promuovere il benessere diffuso in tutte le rispettive comunit\u00e0 e non appannaggio esclusivo di soli associati; un benessere comunque informato quanto pi\u00f9 possibile a criteri di equit\u00e0 e dignit\u00e0; di sviluppo per tutti e quindi di pace.<\/p>\n<p>Nella mia qualit\u00e0 di ideatore e fondatore dell\u2019 Associazione degli Agricoltori Congolesi ed Italiani nel Pool e Plateaux Bat\u00e9k\u00e9 in Congo, in sigla AACIPPBC, esprimo mio convincimento e do mia totale adesione alla cooperazione di tipo \u201cgagnant-gagnant\u201d ovvero &#8220;win-win&#8221;, espressione di migliori strumenti di convivenza pacifica e di sviluppo equo ed eco-sostenibile tra popoli che immancabilmente porta in un mondo globalizzato ad un clima di mutua fiducia per interessi economici, sociali e culturali condivisi, nobili ed orientati allo sviluppo integrale dell\u2019 Uomo.<\/p>\n<p>Ben venga finalmente l\u2019ora in cui ogni comunit\u00e0 si debba di prendersi in carica garantendo la sua sicurezza alimentare e partecipando cos\u00ec al benessere economico generale del Congo in particolare ma anche di altri Paesi di tutta la regione del bacino del fiume Congo in generale. E nel fare ci\u00f2, \u00e8 opportuno mettere a profitto l\u2019esperienza propugnata dal modello italiano di cui l\u2019AACIPPBC dovr\u00e0, giocoforza, fungere da strumento e da via preferenziale per il trasferimento del Know-how italiano verso tutta l\u2019Africa centrale.<\/p>\n<p>Insomma, abbiamo scritto, o meglio stiamo scrivendo assieme una nuova pagina di storia definendo i nostri obiettivi da raggiungere in modo sinergico e stabilendo anche l\u2019iter da seguirlo per realizzarli a breve, medio e lungo termine.<\/p>\n<p>Certo, le sfide saranno molteplici; ma dal canto mio l\u2019impegno e la convinzione non mancheranno mai; anzi verranno raddoppiate perch\u00e9 non triplicate proprio per lavorare in sinergia con tutti i membri associati, con i responsabili di vari servizi e\/o settori e particolarmente con i nostri partner italiani e non per il pieno successo della missione e degli obiettivi dell\u2019AACIPPBC.<\/p>\n<p>Assieme, possiamo fare meglio e di pi\u00f9 per promuovere non solo la meccanizzazione dell\u2019agricoltura in seno alle nostre comunit\u00e0 ma anche per la creazione di micro, piccole e medie imprese nel settore agro-alimentare e, come detto a monte, anche in altri settori connessi. Traendo ispirazione dal modello italiano di PMI che comunque \u00e8 il migliore al mondo e che possiamo adattare migliorandolo al contesto ed alle realt\u00e0 del Congo e di altri Stati della regione del bacino del fiume Congo in particolare e di tutte le nostre regioni africane in generale.<\/p>\n<p>Con tutta la solidariet\u00e0 possibile!<\/p>\n<p style=\"text-align: right;\">(Il Presidente-Fondatore, Legale Rappresentante)<br \/>\nNDEFI BAKITANGA<\/p>\n","protected":false},"excerpt":{"rendered":"<p>Di prim\u2019acchito, rendo omaggio al mio defunto genitore, il compianto mio padre, Robert Ndefi Antima. \u00c8 stato allora, come pure continua ad esserlo oggi, la fonte di ispirazione di sempre; dalla giovane et\u00e0 con tutte le sue impressionanti attivit\u00e0 agricole. Tra l\u2019altro, il suo esempio assume particolare significato in quanto Egli, cio\u00e8 mio padre, di [&hellip;]<\/p>\n","protected":false},"author":1,"featured_media":0,"parent":0,"menu_order":0,"comment_status":"closed","ping_status":"open","template":"","meta":{"footnotes":""},"class_list":["post-3522","page","type-page","status-publish","hentry"],"_links":{"self":[{"href":"https:\/\/aacippbc.com\/content\/italien\/wp-json\/wp\/v2\/pages\/3522","targetHints":{"allow":["GET"]}}],"collection":[{"href":"https:\/\/aacippbc.com\/content\/italien\/wp-json\/wp\/v2\/pages"}],"about":[{"href":"https:\/\/aacippbc.com\/content\/italien\/wp-json\/wp\/v2\/types\/page"}],"author":[{"embeddable":true,"href":"https:\/\/aacippbc.com\/content\/italien\/wp-json\/wp\/v2\/users\/1"}],"replies":[{"embeddable":true,"href":"https:\/\/aacippbc.com\/content\/italien\/wp-json\/wp\/v2\/comments?post=3522"}],"version-history":[{"count":25,"href":"https:\/\/aacippbc.com\/content\/italien\/wp-json\/wp\/v2\/pages\/3522\/revisions"}],"predecessor-version":[{"id":4762,"href":"https:\/\/aacippbc.com\/content\/italien\/wp-json\/wp\/v2\/pages\/3522\/revisions\/4762"}],"wp:attachment":[{"href":"https:\/\/aacippbc.com\/content\/italien\/wp-json\/wp\/v2\/media?parent=3522"}],"curies":[{"name":"wp","href":"https:\/\/api.w.org\/{rel}","templated":true}]}}