{"id":3635,"date":"2016-05-24T10:05:22","date_gmt":"2016-05-24T10:05:22","guid":{"rendered":"http:\/\/ninzio.com\/focuson\/?page_id=3516"},"modified":"2018-12-21T16:42:28","modified_gmt":"2018-12-21T16:42:28","slug":"home-7","status":"publish","type":"page","link":"https:\/\/aacippbc.com\/content\/italien\/","title":{"rendered":"Home 7"},"content":{"rendered":"<p>[vc_row full_width=&#8221;true&#8221; autoheight=&#8221;true&#8221; padding_top=&#8221;0&#8243; padding_bottom=&#8221;0&#8243;][vc_column animate=&#8221;true&#8221; effect=&#8221;scale&#8221; margin_b=&#8221;false&#8221; pl=&#8221;50&#8243; pr=&#8221;50&#8243; pt=&#8221;75&#8243; pb=&#8221;50&#8243; back_color=&#8221;#8cc443&#8243; offset=&#8221;vc_col-lg-4 vc_col-md-12&#8243;]<div class=\"nz-content-box nz-clearfix animate-none\" data-columns=\"1\" data-animate=\"false\"><div id=\"nz-box-1\" class=\"  nz-box animate-item\"><div class=\"nz-box-wrap\"><style>#nz-box-1 .box-icon {color:#5f862c;}#nz-box-1:hover .box-icon {color:#ffffff !important;}<\/style><div class=\"box-icon-wrap\"><div class=\"box-icon icon-cog\"><\/div><\/div><div class=\"box-data\"><\/p>\n<h3><span style=\"font-size: 16px; line-height: 26px; color: #ffffff;\">CONNESSIONE<\/span><\/h3>\n<p><span style=\"color: #ffffff;\">Creare dei legami tra gli agricoltori italiani e congolesi del Pool e Plateaux Bat\u00e9k\u00e9 per promuovere il benessere di piccoli produttori agricoli.<\/span><\/div><\/div><\/div><\/div>[\/vc_column][vc_column animate=&#8221;true&#8221; effect=&#8221;scale&#8221; margin_b=&#8221;false&#8221; pl=&#8221;50&#8243; pr=&#8221;50&#8243; pt=&#8221;75&#8243; pb=&#8221;50&#8243; back_color=&#8221;#78ba3f&#8221; offset=&#8221;vc_col-lg-4 vc_col-md-12&#8243;]<div class=\"nz-content-box nz-clearfix animate-none\" data-columns=\"1\" data-animate=\"false\"><div id=\"nz-box-2\" class=\"  nz-box animate-item\"><div class=\"nz-box-wrap\"><style>#nz-box-2 .box-icon {color:#5f862c;}#nz-box-2:hover .box-icon {color:#ffffff !important;}<\/style><div class=\"box-icon-wrap\"><div class=\"box-icon icon-music2\"><\/div><\/div><div class=\"box-data\"><\/p>\n<h3><span style=\"font-size: 16px; line-height: 26px; color: #ffffff;\">ACQUISIZIONE<\/span><\/h3>\n<p><span style=\"color: #ffffff;\">Orientare gli agricoltori del Pool et Plateaux Bat\u00e9k\u00e9 verso l\u2019acquisizione del materiale agricolo italiano performante, affidabile ed adatto alle realit\u00e0 del terreno.<\/span><\/div><\/div><\/div><\/div>[\/vc_column][vc_column animate=&#8221;true&#8221; effect=&#8221;scale&#8221; margin_b=&#8221;false&#8221; pl=&#8221;50&#8243; pr=&#8221;50&#8243; pt=&#8221;75&#8243; pb=&#8221;50&#8243; back_color=&#8221;#8cc443&#8243; offset=&#8221;vc_col-lg-4 vc_col-md-12&#8243;]<div class=\"nz-content-box nz-clearfix animate-none\" data-columns=\"1\" data-animate=\"false\"><div id=\"nz-box-3\" class=\"  nz-box animate-item\"><div class=\"nz-box-wrap\"><style>#nz-box-3 .box-icon {color:#5f862c;}#nz-box-3:hover .box-icon {color:#ffffff !important;}<\/style><div class=\"box-icon-wrap\"><div class=\"box-icon icon-truck2\"><\/div><\/div><div class=\"box-data\"><\/p>\n<h3><span style=\"font-size: 16px; line-height: 26px; color: #ffffff;\">KNOW-HOW<\/span><\/h3>\n<p><span style=\"color: #ffffff;\">Permettere il trasferimento delle conoscenze e del know-how degli agricoltori italiani per delle colture specifiche, ma anche per l\u2019allevamento.<\/span><\/div><\/div><\/div><\/div>[\/vc_column][\/vc_row][vc_row padding_top=&#8221;50&#8243; padding_bottom=&#8221;0&#8243;][vc_column width=&#8221;7\/12&#8243; animate=&#8221;true&#8221; effect=&#8221;fade-left&#8221;]<div class='gap nz-clearfix' style='height:70px'>&nbsp;<\/div>[vc_custom_heading text=&#8221;CHI SIAMO ?&#8221; font_container=&#8221;tag:h3|font_size:28px|text_align:left|line_height:38px&#8221; use_theme_fonts=&#8221;yes&#8221;]<div class='gap nz-clearfix' style='height:20px'>&nbsp;<\/div>[vc_column_text]<span style=\"font-size: 18px; line-height: 28px;\"><br \/>\nL\u2019Associazione degli Agricoltori Congolesi e italiani nel Pool et Plateaux Bat\u00e9k\u00e9, \u00e8 una organizzazione che ha per scopo principale di promuovere la meccanizzazione e la modernizzazione dell\u2019agricoltura, ma anche altri settori di attivit\u00e0 legati all\u2019agricoltura, attraverso la mesa in opera di 16 obbiettivi descritti nel suo statuto. Ella si \u00e8 ugualmente assegnato lo scopo di promuovere il benessere delle famiglie di piccoli agricoltori e dei contadini in un processo di sviluppo comunitario tramite lo sviluppo durevole dell\u2019agricoltura.<br \/>\n<\/span><br \/>\n<span style=\"font-size: 14px; line-height: 24px;\"><br \/>\n<\/span>[\/vc_column_text]<div class='gap nz-clearfix' style='height:30px'>&nbsp;<\/div><a class=\"button button-normal default full-false small square icon-true animate-true anim-type-ghost hover-fill\" href=\"http:\/\/aacippbc.com\/content\/italien\/a-propos-de-nous\/\" target=\"_self\"><span class=\"txt\">Per saper ne di piu<\/span><span class=\"btn-icon icon-trophy2\"><\/span><\/a><a class=\"button button-normal default full-false small square icon-true animate-false anim-type-ghost hover-fill\" href=\"http:\/\/aacippbc.com\/content\/italien\/indirizzo-del-presidente\/\" target=\"_self\"><span class=\"btn-icon icon-trophy2\"><\/span><span class=\"txt\">Parola del presidente<\/span><\/a><a class=\"button button-normal default full-false small square icon-true animate-false anim-type-ghost hover-fill\" href=\"http:\/\/aacippbc.com\/content\/italien\/ruolo-e-missione\/\" target=\"_self\"><span class=\"btn-icon icon-trophy2\"><\/span><span class=\"txt\">Ruolo e missione<\/span><\/a>[\/vc_column][vc_column width=&#8221;5\/12&#8243; animate=&#8221;true&#8221; effect=&#8221;fade-right&#8221; margin_b=&#8221;false&#8221;]<img loading=\"lazy\" decoding=\"async\" class=\"aligncenter size-full wp-image-3162 \" src=\"https:\/\/aacippbc.com\/content\/italien\/wp-content\/uploads\/sites\/6\/2016\/03\/team_member.jpg\" alt=\"3162\" width=\"290\" height=\"489\" srcset=\"https:\/\/aacippbc.com\/content\/italien\/wp-content\/uploads\/sites\/6\/2016\/03\/team_member.jpg 290w, https:\/\/aacippbc.com\/content\/italien\/wp-content\/uploads\/sites\/6\/2016\/03\/team_member-178x300.jpg 178w\" sizes=\"auto, (max-width: 290px) 100vw, 290px\" \/>[\/vc_column][\/vc_row][vc_row padding_bottom=&#8221;15&#8243;][vc_column width=&#8221;1\/2&#8243; extra_class=&#8221;no-padding&#8221; animate=&#8221;true&#8221; effect=&#8221;fade-left&#8221;][vc_custom_heading text=&#8221;PERCHE SCEGLIERE L\u2019AACIPPBC ? &#8221; font_container=&#8221;tag:h3|font_size:28px|text_align:left|line_height:38px&#8221; use_theme_fonts=&#8221;yes&#8221;]<div class='gap nz-clearfix' style='height:20px'>&nbsp;<\/div>[vc_column_text]<\/p>\n<h3><span style=\"font-size: 16px; line-height: 26px;\">A causa della sua affidabilit\u00e0 e per gli obiettivi socioeconomici, ecologici, culturali e dello sviluppo comunitario che essa persegui.<\/span><\/h3>\n<p><span style=\"color: #777777;\"><br \/>\nIn effetti, immigrato in Italia nel 1988, col tempo, il presidente fondatore dell\u2019AACIPPBC si \u00e8 creato d\u2019importanti contatti nella sua rete. Cosi, egli intrattiene delle buone relazioni con alcuni imprenditori della sua regione, che lavorano nel settore agricolo, agroalimentare ed in altri settori con legami alle attivit\u00e0 agropastorale. Nel 2002, ha creato la ditta Ndefi Import-export, registrato alla Camera di Commercio della provincia di Teramo.<\/span><\/p>\n<p>Ultimamente, dopo un lungo soggiorno in Congo Brazzaville, si \u00e8 reso conto delle difficolt\u00e0 rincontrati da piccoli produttori agricoli e dagli agricoltori del Congo in particolare, sia nell\u2019acquisizione delle macchine affidabili sia nel mantenimento delle macchine esistenti. Ma anche a causa delle problematiche ecologiche poste, dovuto alla distruzione delle gallerie forestali a parte di piccoli produttori agricoli, ovvero da parte di contadini per coltivare il granoturco et altri prodotti di sussistenza. Ci\u00f2 in qualche maniera di questa esperienza, che ha giudicato utile di mobilizzare gli agricoltori concerniti per fondare l\u2019AACIPPBC nello scopo di sopperire questi problemi, attraverso un piano d\u2019azione che egli ha presentato e che hanno adottato all\u2019unanimit\u00e0.<\/p>\n<p>Cosi, grazie alla sua presenza in Italia, assieme ai partner ed esperti altamente qualificati in tutti i settori nei quali l\u2019AACIPPBC \u00e8 implicata, il presidente s\u2019impegna di assicurare la fornitura delle macchine, delle attrezzature agricole e delle macchine affidabili per le trasformazioni dei prodotti alimentari a tutti i clienti in base a le loro richieste e in funzione di loro budget. Egli s\u2019impegna anche di fornire loro i servizi di assistenza di qualit\u00e0 impeccabile dopo la vendita, grazie al saper fare di nostri tecnici sia locali formati in Italia sia esperti italiani che saranno direttamente implicati in questo processo.<\/p>\n<p>La AACIPPBC promuove anche il turismo sociale tra il Canada, l&#8217;Italia e il Congo , ovvero i paesi del bacino del fiume Congo, per poter finanziare i\u00a0 progetti di sviluppo in Congo in particolare nei paesi del bacino del fiume Congo in generale.<\/p>\n<p>[\/vc_column_text][\/vc_column][vc_column width=&#8221;1\/2&#8243; animate=&#8221;true&#8221; effect=&#8221;fade-right&#8221;]<img loading=\"lazy\" decoding=\"async\" class=\"aligncenter size-full wp-image-4378 \" src=\"https:\/\/aacippbc.com\/content\/italien\/wp-content\/uploads\/sites\/6\/2016\/05\/new-holland-agriculture-completes-acquisition-of-kongskilde-01.jpg\" alt=\"4378\" width=\"900\" height=\"610\" srcset=\"https:\/\/aacippbc.com\/content\/italien\/wp-content\/uploads\/sites\/6\/2016\/05\/new-holland-agriculture-completes-acquisition-of-kongskilde-01.jpg 900w, https:\/\/aacippbc.com\/content\/italien\/wp-content\/uploads\/sites\/6\/2016\/05\/new-holland-agriculture-completes-acquisition-of-kongskilde-01-300x203.jpg 300w, https:\/\/aacippbc.com\/content\/italien\/wp-content\/uploads\/sites\/6\/2016\/05\/new-holland-agriculture-completes-acquisition-of-kongskilde-01-768x521.jpg 768w, https:\/\/aacippbc.com\/content\/italien\/wp-content\/uploads\/sites\/6\/2016\/05\/new-holland-agriculture-completes-acquisition-of-kongskilde-01-440x298.jpg 440w\" sizes=\"auto, (max-width: 900px) 100vw, 900px\" \/>[\/vc_column][\/vc_row][vc_row full_width=&#8221;true&#8221; background_color=&#8221;#fafafa&#8221; padding_bottom=&#8221;0&#8243;][vc_column animate=&#8221;true&#8221; margin_b=&#8221;false&#8221;][vc_column_text]<\/p>\n<h3 style=\"text-align: center; font-size: 28px; line-height: 38px;\">NOSTRI <span style=\"color: #7fbd2e; font-weight: bold;\">PROGETTI<\/span><\/h3>\n<p>[\/vc_column_text]<div class='gap nz-clearfix' style='height:10px'>&nbsp;<\/div><img loading=\"lazy\" decoding=\"async\" class=\"aligncenter size-full wp-image-2848 \" src=\"https:\/\/aacippbc.com\/content\/italien\/wp-content\/uploads\/sites\/6\/2016\/03\/lines.png\" alt=\"2848\" width=\"105\" height=\"9\"><div class='gap nz-clearfix' style='height:50px'>&nbsp;<\/div><div id=\"nz-recent-projects-1\" data-animate=\"true\" class=\"lazy small-image-nogap nz-clearfix nz-recent-projects\"><div class=\"recent-projects-wrap nz-clearfix\"><div class=\"projects mix nz-clearfix\" data-grid=\"ninzio_01\"><div class=\"nz-thumbnail\"><img loading=\"lazy\" decoding=\"async\" width=\"640\" height=\"520\" src=\"https:\/\/aacippbc.com\/content\/italien\/wp-content\/uploads\/sites\/6\/2016\/03\/portfolio1-640x520.jpg\" class=\"attachment-Focuson-Ninzio-Half size-Focuson-Ninzio-Half wp-post-image\" alt=\"\" \/><div class=\"ninzio-overlay\"><a class=\"nz-overlay-before\" data-lightbox-gallery=\"gallery3\" href=\"https:\/\/aacippbc.com\/content\/italien\/projects\/projet-agro-pastoral-a-inoni\/\"><\/a><h4 class=\"project-title\"><a href=\"https:\/\/aacippbc.com\/content\/italien\/projects\/projet-agro-pastoral-a-inoni\/\">Progetto agro-pastorale  a INONI<\/a><\/h4><div class=\"projects-category\"><a href=\"https:\/\/aacippbc.com\/content\/italien\/projects-category\/produzione\/\" rel=\"tag\">Produzione<\/a>, <a href=\"https:\/\/aacippbc.com\/content\/italien\/projects-category\/servizi\/\" rel=\"tag\">Servizi<\/a><\/div><\/div><\/div><\/div><div class=\"projects mix nz-clearfix\" data-grid=\"ninzio_01\"><div class=\"nz-thumbnail\"><img loading=\"lazy\" decoding=\"async\" width=\"640\" height=\"520\" src=\"https:\/\/aacippbc.com\/content\/italien\/wp-content\/uploads\/sites\/6\/2016\/03\/portfolio1-640x520.jpg\" class=\"attachment-Focuson-Ninzio-Half size-Focuson-Ninzio-Half wp-post-image\" alt=\"\" \/><div class=\"ninzio-overlay\"><a class=\"nz-overlay-before\" data-lightbox-gallery=\"gallery3\" href=\"https:\/\/aacippbc.com\/content\/italien\/projects\/projet-de-production-a-mbe\/\"><\/a><h4 class=\"project-title\"><a href=\"https:\/\/aacippbc.com\/content\/italien\/projects\/projet-de-production-a-mbe\/\">Progetto di produzione e meccanizzazione a MBE<\/a><\/h4><div class=\"projects-category\"><a href=\"https:\/\/aacippbc.com\/content\/italien\/projects-category\/produzione\/\" rel=\"tag\">Produzione<\/a>, <a href=\"https:\/\/aacippbc.com\/content\/italien\/projects-category\/servizi\/\" rel=\"tag\">Servizi<\/a><\/div><\/div><\/div><\/div><div class=\"projects mix nz-clearfix\" data-grid=\"ninzio_01\"><div class=\"nz-thumbnail\"><img loading=\"lazy\" decoding=\"async\" width=\"640\" height=\"520\" src=\"https:\/\/aacippbc.com\/content\/italien\/wp-content\/uploads\/sites\/6\/2016\/03\/portfolio2-640x520.jpg\" class=\"attachment-Focuson-Ninzio-Half size-Focuson-Ninzio-Half wp-post-image\" alt=\"\" \/><div class=\"ninzio-overlay\"><a class=\"nz-overlay-before\" data-lightbox-gallery=\"gallery3\" href=\"https:\/\/aacippbc.com\/content\/italien\/projects\/plateau-bateke\/\"><\/a><h4 class=\"project-title\"><a href=\"https:\/\/aacippbc.com\/content\/italien\/projects\/plateau-bateke\/\">Nel Plateaux<\/a><\/h4><div class=\"projects-category\"><a href=\"https:\/\/aacippbc.com\/content\/italien\/projects-category\/produzione\/\" rel=\"tag\">Produzione<\/a>, <a href=\"https:\/\/aacippbc.com\/content\/italien\/projects-category\/servizi\/\" rel=\"tag\">Servizi<\/a><\/div><\/div><\/div><\/div><div class=\"projects mix nz-clearfix\" data-grid=\"ninzio_01\"><div class=\"nz-thumbnail\"><img loading=\"lazy\" decoding=\"async\" width=\"640\" height=\"520\" src=\"https:\/\/aacippbc.com\/content\/italien\/wp-content\/uploads\/sites\/6\/2016\/03\/portfolio2-640x520.jpg\" class=\"attachment-Focuson-Ninzio-Half size-Focuson-Ninzio-Half wp-post-image\" alt=\"\" \/><div class=\"ninzio-overlay\"><a class=\"nz-overlay-before\" data-lightbox-gallery=\"gallery3\" href=\"https:\/\/aacippbc.com\/content\/italien\/projects\/banane-dans-le-pool\/\"><\/a><h4 class=\"project-title\"><a href=\"https:\/\/aacippbc.com\/content\/italien\/projects\/banane-dans-le-pool\/\">Nel  Pool Sud<\/a><\/h4><div class=\"projects-category\"><a href=\"https:\/\/aacippbc.com\/content\/italien\/projects-category\/produzione\/\" rel=\"tag\">Produzione<\/a>, <a href=\"https:\/\/aacippbc.com\/content\/italien\/projects-category\/servizi\/\" rel=\"tag\">Servizi<\/a><\/div><\/div><\/div><\/div><\/div><\/div><div class=\"sep-wrap left nz-clearfix\"><div class=\"nz-separator solid\" style=\"border-bottom-color:#eeeeee;width:100px;border-bottom-width:1px;border-bottom-style:solid;margin-bottom:30px;\">&nbsp;<\/div><\/div>[\/vc_column][\/vc_row][vc_row id=&#8221;nz-count-row&#8221; background_color=&#8221;#90c847&#8243; background_image=&#8221;2911&#8243; background_position=&#8221;Center center&#8221; padding_top=&#8221;25&#8243; padding_bottom=&#8221;25&#8243; video=&#8221;true&#8221; overlay_pattern=&#8221;14&#8243;][vc_column animate=&#8221;true&#8221; effect=&#8221;fade-top&#8221;][vc_custom_heading text=&#8221;PARTNER VIP AACIPPBC&#8221; font_container=&#8221;tag:h1|text_align:center|color:%23ffffff&#8221;][\/vc_column][\/vc_row][vc_row background_color=&#8221;#fafafa&#8221;][vc_column animate=&#8221;true&#8221; effect=&#8221;fade-bottom&#8221;]<div id=\"nz-clients-1\" class=\"lazy nz-clients nz-carousel animate-none\" data-columns=\"5\" data-animate=\"false\" data-autoplay=\"false\"><div class=\"client animate-item\"><div class=\"client-inner\"><img decoding=\"async\" src=\"https:\/\/aacippbc.com\/content\/italien\/wp-content\/uploads\/sites\/6\/2016\/05\/New-Holland-partenaire.png\" alt=\"NEW HOLLAND- FIAT\" ><\/div><\/div><div class=\"client animate-item\"><div class=\"client-inner\"><img decoding=\"async\" src=\"https:\/\/aacippbc.com\/content\/italien\/wp-content\/uploads\/sites\/6\/2016\/05\/tred-technology.jpg\" alt=\"Tred Technology\" ><\/div><\/div><div class=\"client animate-item\"><div class=\"client-inner\"><img decoding=\"async\" src=\"https:\/\/aacippbc.com\/content\/italien\/wp-content\/uploads\/sites\/6\/2016\/05\/SAME-Partenaire.png\" alt=\"SAME\" ><\/div><\/div><div class=\"client animate-item\"><div class=\"client-inner\"><img decoding=\"async\" src=\"https:\/\/aacippbc.com\/content\/italien\/wp-content\/uploads\/sites\/6\/2016\/05\/MP-International-partenaire.png\" alt=\"MP INTERNAZIONAL\" ><\/div><\/div><div class=\"client animate-item\"><div class=\"client-inner\"><img decoding=\"async\" src=\"https:\/\/aacippbc.com\/content\/italien\/wp-content\/uploads\/sites\/6\/2016\/05\/landini-partenaire.png\" alt=\"LANDINI\" ><\/div><\/div><div class=\"client animate-item\"><div class=\"client-inner\"><img decoding=\"async\" src=\"https:\/\/aacippbc.com\/content\/italien\/wp-content\/uploads\/sites\/6\/2016\/05\/amadori-partenaire.png\" alt=\"AMADORI\" ><\/div><\/div><\/div>[\/vc_column][\/vc_row]<\/p>\n","protected":false},"excerpt":{"rendered":"<p>[vc_row full_width=&#8221;true&#8221; autoheight=&#8221;true&#8221; padding_top=&#8221;0&#8243; padding_bottom=&#8221;0&#8243;][vc_column animate=&#8221;true&#8221; effect=&#8221;scale&#8221; margin_b=&#8221;false&#8221; pl=&#8221;50&#8243; pr=&#8221;50&#8243; pt=&#8221;75&#8243; pb=&#8221;50&#8243; back_color=&#8221;#8cc443&#8243; offset=&#8221;vc_col-lg-4 vc_col-md-12&#8243;][\/vc_column][vc_column animate=&#8221;true&#8221; effect=&#8221;scale&#8221; margin_b=&#8221;false&#8221; pl=&#8221;50&#8243; pr=&#8221;50&#8243; pt=&#8221;75&#8243; pb=&#8221;50&#8243; back_color=&#8221;#78ba3f&#8221; offset=&#8221;vc_col-lg-4 vc_col-md-12&#8243;][\/vc_column][vc_column animate=&#8221;true&#8221; effect=&#8221;scale&#8221; margin_b=&#8221;false&#8221; pl=&#8221;50&#8243; pr=&#8221;50&#8243; pt=&#8221;75&#8243; pb=&#8221;50&#8243; back_color=&#8221;#8cc443&#8243; offset=&#8221;vc_col-lg-4 vc_col-md-12&#8243;][\/vc_column][\/vc_row][vc_row padding_top=&#8221;50&#8243; padding_bottom=&#8221;0&#8243;][vc_column width=&#8221;7\/12&#8243; animate=&#8221;true&#8221; effect=&#8221;fade-left&#8221;][vc_custom_heading text=&#8221;CHI SIAMO ?&#8221; font_container=&#8221;tag:h3|font_size:28px|text_align:left|line_height:38px&#8221; use_theme_fonts=&#8221;yes&#8221;][vc_column_text] L\u2019Associazione degli Agricoltori Congolesi e italiani nel Pool et Plateaux [&hellip;]<\/p>\n","protected":false},"author":1,"featured_media":3749,"parent":0,"menu_order":0,"comment_status":"closed","ping_status":"closed","template":"page-vc.php","meta":{"footnotes":""},"class_list":["post-3635","page","type-page","status-publish","has-post-thumbnail","hentry"],"_links":{"self":[{"href":"https:\/\/aacippbc.com\/content\/italien\/wp-json\/wp\/v2\/pages\/3635","targetHints":{"allow":["GET"]}}],"collection":[{"href":"https:\/\/aacippbc.com\/content\/italien\/wp-json\/wp\/v2\/pages"}],"about":[{"href":"https:\/\/aacippbc.com\/content\/italien\/wp-json\/wp\/v2\/types\/page"}],"author":[{"embeddable":true,"href":"https:\/\/aacippbc.com\/content\/italien\/wp-json\/wp\/v2\/users\/1"}],"replies":[{"embeddable":true,"href":"https:\/\/aacippbc.com\/content\/italien\/wp-json\/wp\/v2\/comments?post=3635"}],"version-history":[{"count":98,"href":"https:\/\/aacippbc.com\/content\/italien\/wp-json\/wp\/v2\/pages\/3635\/revisions"}],"predecessor-version":[{"id":4786,"href":"https:\/\/aacippbc.com\/content\/italien\/wp-json\/wp\/v2\/pages\/3635\/revisions\/4786"}],"wp:featuredmedia":[{"embeddable":true,"href":"https:\/\/aacippbc.com\/content\/italien\/wp-json\/wp\/v2\/media\/3749"}],"wp:attachment":[{"href":"https:\/\/aacippbc.com\/content\/italien\/wp-json\/wp\/v2\/media?parent=3635"}],"curies":[{"name":"wp","href":"https:\/\/api.w.org\/{rel}","templated":true}]}}