{"id":3784,"date":"2016-11-11T18:04:59","date_gmt":"2016-11-11T18:04:59","guid":{"rendered":"http:\/\/aacippbc.com\/content\/?page_id=3784"},"modified":"2017-12-21T01:37:26","modified_gmt":"2017-12-21T01:37:26","slug":"notre-plateforme","status":"publish","type":"page","link":"https:\/\/aacippbc.com\/content\/notre-plateforme\/","title":{"rendered":"Notre plateforme"},"content":{"rendered":"<p>[vc_row padding_top=&#8221;10&#8243; padding_bottom=&#8221;10&#8243;][vc_column]<div class=\"nz-content-box nz-clearfix animate-none\" data-columns=\"1\" data-animate=\"false\"><div id=\"nz-box-1\" class=\"  nz-box animate-item\"><div class=\"nz-box-wrap\"><style><\/style><div class=\"box-data\">L\u2019<strong>AACIPPBC<\/strong> est un groupe de type associatif- coop\u00e9ratif d\u2019essence agricole et de service dont le but principal est dans sa devise : \u00ab Moderniser l\u2019agriculture pour le bien \u2013\u00eatre et d\u00e9veloppement humain \u00bb.<br \/>\nPlus particuli\u00e8rement, l\u2019AACIPPBC veut donner \u00e0 ses membres les opportunit\u00e9s suivantes :<\/p>\n<ul>\n<li>Possibilit\u00e9 de faire une agriculture rentable, moderne et durable pour l\u2019am\u00e9lioration de leurs conditions de vie. En d\u2019autres termes, am\u00e9liorer leurs conditions socio-\u00e9conomiques.<\/li>\n<li>Possibilit\u00e9 d\u2019acc\u00e9der au cr\u00e9dit agricole, ainsi que pour d\u2019autres besoins.<\/li>\n<li>Possibilit\u00e9 d\u2019avoir un Soutien technique et une assistance multiforme sur le terrain dans l\u2019exercice de leurs activit\u00e9s.<\/li>\n<\/ul>\n<p><\/div><\/div><\/div><\/div>[\/vc_column][\/vc_row][vc_row padding_top=&#8221;5&#8243; padding_bottom=&#8221;5&#8243;][vc_column width=&#8221;1\/2&#8243;]<div class=\"nz-accordion \" data-collapsible=true><div class=\"active toggle-title nz-clearfix\"><span class=\"toggle-title-header\"><span><strong>Coop\u00e9rative de production agricole, de service et de consommation<\/strong><\/span><\/span><span class=\"arrow\"><\/span><\/div> <div id=\"cooperative-de-production-agricole-de-service-et-de-consommation\" class=\"toggle-content nz-clearfix\">Il en ressort que l\u2019AACIPPBC est une forme de coop\u00e9rative agricole de production et de service formant un r\u00e9seau international, dont le but est dans notre devise : \u00ab <strong>Moderniser l\u2019agriculture, pour le bien \u00eatre et le d\u00e9veloppement \u00a0humain<\/strong> \u00bb.<br \/>\nL\u2019AACIPPBC a pour objectif de donner la possibilit\u00e9 \u00e0 ses membres:<\/p>\n<ul>\n<li>de pratiquer une agriculture rentable pour am\u00e9liorer leurs conditions de vie ;<\/li>\n<li>de pouvoir avoir l\u2019acc\u00e8s au cr\u00e9dit agricole ;<\/li>\n<li>de pouvoir avoir un soutien technique et une assistance multiformes;<\/li>\n<li>de pouvoir facilement \u00e9vacuer et vendre leurs produits.<\/li>\n<li>Etc\u2026<\/li>\n<\/ul>\n<p><\/div><div class=\"false toggle-title nz-clearfix\"><span class=\"toggle-title-header\"><span><strong>La coop\u00e9rative d\u2019\u00e9pargne et de consommation du Congo<\/strong><\/span><\/span><span class=\"arrow\"><\/span><\/div> <div id=\"la-cooperative-depargne-et-de-consommation-du-congo\" class=\"toggle-content nz-clearfix\">Conform\u00e9ment \u00e0 l\u2019id\u00e9alisation et \u00e0 l\u2019int\u00e9riorisation de la loi du premier Juillet et du d\u00e9cret du 16 ao\u00fbt 1901 autorisant et r\u00e9gissant toute vie associative, et, tenant compte de l\u2019esprit universaliste qui caract\u00e9rise l\u2019Association des Agriculteurs Congolais et Italiens au Pool et Plateaux Bat\u00e9k\u00e9 du Congo (A.A.C.I.P.P.B.C), son greffon appel\u00e9 \u00ab la coop\u00e9rative d\u2019\u00e9pargne et de consommation du Congo \u00bb, entend mener une action sociale dont le leitmotive est de promouvoir le d\u00e9veloppement des conditions socio-\u00e9conomiques de ses membres, sans distinction g\u00e9ographique, tribale, ethnique, raciale ou cultuelle.<br \/>\n<span class=\"nz-highlight\" style=\"background-color:green;\">\n<a href=\"http:\/\/aacippbc.com\/content\/coopecc\/\" target=\"_blank\" rel=\"noopener noreferrer\">La coop\u00e9rative d\u2019\u00e9pargne et de consommation du Congo<\/a><br \/>\n<\/span><\/div><div class=\"false toggle-title nz-clearfix\"><span class=\"toggle-title-header\"><span><strong>Les activit\u00e9s de l'association dans le monde<\/strong><\/span><\/span><span class=\"arrow\"><\/span><\/div> <div id=\"les-activites-de-lassociation-dans-le-monde\" class=\"toggle-content nz-clearfix\">Texte n&#8217;est pas encore disponible.<\/div><div class=\"false toggle-title nz-clearfix\"><span class=\"toggle-title-header\"><span><strong>Proc\u00e8s-verbaux et comptes rendus<\/strong><\/span><\/span><span class=\"arrow\"><\/span><\/div> <div id=\"proces-verbaux-et-comptes-rendus\" class=\"toggle-content nz-clearfix\">Texte n&#8217;est pas encore disponible.<\/div><div class=\"false toggle-title nz-clearfix\"><span class=\"toggle-title-header\"><span><strong>Nominations et circulaires<\/strong><\/span><\/span><span class=\"arrow\"><\/span><\/div> <div id=\"nominations-et-circulaires\" class=\"toggle-content nz-clearfix\">Texte n&#8217;est pas encore disponible.<\/div><div class=\"false toggle-title nz-clearfix\"><span class=\"toggle-title-header\"><span><strong>Rapports<\/strong><\/span><\/span><span class=\"arrow\"><\/span><\/div> <div id=\"rapports\" class=\"toggle-content nz-clearfix\">Texte n&#8217;est pas encore disponible.<\/div><\/div> [\/vc_column][vc_column width=&#8221;1\/2&#8243;]<div class=\"nz-accordion \" data-collapsible=false><div class=\"active toggle-title nz-clearfix\"><span class=\"toggle-title-header\"><span><strong>Statut et R\u00e8glement int\u00e9rieur- Adh\u00e9sion<\/strong><\/span><\/span><span class=\"arrow\"><\/span><\/div> <div id=\"statut-et-reglement-interieur-adhesion\" class=\"toggle-content nz-clearfix\">L\u2019Adh\u00e9sion est bas\u00e9e sur l\u2019acceptation des Statuts et R\u00e8glement Int\u00e9rieur.<br \/>\nSont membre de l\u2019Association :<\/p>\n<ol>\n<li>Toute personne de nationalit\u00e9 congolaise ou italienne ;<\/li>\n<li>toute PME d\u2019Italie ou du Congo s\u2019int\u00e9ressant au d\u00e9veloppement de l\u2019agriculture au Pool et dans les Plateaux Bat\u00e9k\u00e9 du Congo ;<\/li>\n<li>Personne de toute nationalit\u00e9 r\u00e9sident au Congo ou \u00e0 l\u2019\u00e9tranger s\u2019int\u00e9ressant \u00e0 l\u2019agriculture pour le bien \u00eatre des populations et \u00e0 l\u2019am\u00e9lioration des conditions de vie des populations d\u00e9favoris\u00e9es ;<\/li>\n<li>Toute personne morale ou physique int\u00e9ress\u00e9e aux objectifs de l\u2019ONG AACIPPBC<\/li>\n<\/ol>\n<p><strong>L\u2019appartenance \u00e0 l\u2019ONG, est justifi\u00e9e<\/strong> :<\/p>\n<ul>\n<li>par l\u2019apport d\u2019une participation au Capital (part sociale) en nature ou en esp\u00e8ce, d\u00e9termin\u00e9e par le R\u00e8glement Int\u00e9rieur ;<\/li>\n<li>La d\u00e9tention d\u2019une fiche d\u2019adh\u00e9sion et d\u2019un carnet de membre sign\u00e9 par le Pr\u00e9sident.<\/li>\n<\/ul>\n<p><strong>La qualit\u00e9 de membre de L\u2019ONG se perd par<\/strong> :<\/p>\n<ul>\n<li>D\u00e9c\u00e8s (Personne Physique) ;<\/li>\n<li>D\u00e9sengagement adress\u00e9 \u00e0 la Coordination et accept\u00e9 par L\u2019Assembl\u00e9e G\u00e9n\u00e9rale ;<\/li>\n<li>L\u2019exclusion prononc\u00e9e par la Coordination.<\/li>\n<\/ul>\n<p>Les conditions de remboursement de la Part sociale dans les diff\u00e9rents cas sus mentionn\u00e9s sont trait\u00e9es dans le R\u00e8glement Int\u00e9rieur.<\/div><div class=\"false toggle-title nz-clearfix\"><span class=\"toggle-title-header\"><span><strong>Le r\u00f4le et la mission op\u00e9rative de l\u2019associazione agricoltori congolesi e italiani en Italie<\/strong><\/span><\/span><span class=\"arrow\"><\/span><\/div> <div id=\"le-role-et-la-mission-operative-de-lassociazione-agricoltori-congolesi-e-italiani-en-italie\" class=\"toggle-content nz-clearfix\">L\u2019associazione agricoltori congolesi e italiani a pour objet social de promouvoir la mise en \u0153uvre des objetifs \u00e9num\u00e9r\u00e9s dans son statut. Il s\u2019agit plus particuli\u00e8rement de:<\/p>\n<ol>\n<li>exercer le r\u00f4le administratif dans l\u2019ensemble de ses activit\u00e9s, de son programme de d\u00e9veloppement et sur toutes les autres activit\u00e9s connexes. La gestion financi\u00e8re, la gestion du mat\u00e9riel (logistique) et des ressources humaines aussi bien pour l\u2019associazione agricoltori congolesi e italiani que pour la maison m\u00e8re aacippbc.<\/li>\n<li>exercer toutes les activit\u00e9s commerciales dans le cadre de son programme de d\u00e9veloppement; import-export machines agricoles, machines du secteur alimentaire, machines du secteur sanitaire, produits alimentaires, semences, engrais, produits phytosanitaires, produits zootechniques, produits pharmaceutiques, etc.<\/li>\n<li>exercer l\u2019activit\u00e9 de d\u00e9p\u00f4t et de magasin d\u2019exportation pour les pi\u00e8ces de rechange et pour toutes les marchandises \u00e0 exporter au Congo(RC), en R\u00e9publique D\u00e9mocratique du Congo (RDC), en Angola, ou en Afrique centrale en g\u00e9n\u00e9ral.<\/li>\n<li>exercer l\u2019activit\u00e9 de formation et de transfert de know-how.<\/li>\n<li>avoir un centre technico-m\u00e9canique pour les r\u00e9visions et les expertises sur les machines destin\u00e9es \u00e0 l\u2019exportation.<\/li>\n<li>exercer l\u2019activit\u00e9 de consultance pour les entreprises qui veulent investir et vendre au Congo (RC), en R\u00e9publique D\u00e9mocratique du Congo (RDC), en Angola, ou en Afrique centrale en g\u00e9n\u00e9ral.<\/li>\n<li>exercer l\u2019activit\u00e9 de programmation et d\u2019organisation de petites foires pour la promotion des produits et des machines de fabrication italienne, principalement du secteur agro-industriel au Congo (RC), en R\u00e9publique D\u00e9mocratique du Congo (RDC), en Angola, ou en Afrique centrale en g\u00e9n\u00e9ral.<\/li>\n<\/ol>\n<p><\/div><div class=\"false toggle-title nz-clearfix\"><span class=\"toggle-title-header\"><span><strong>Demander le status<\/strong><\/span><\/span><span class=\"arrow\"><\/span><\/div> <div id=\"demander-le-status\" class=\"toggle-content nz-clearfix\">Formulaire de demande de status:<br \/>\n<span class=\"nz-highlight\" style=\"background-color:green;\">\n<a href=\"http:\/\/aacippbc.com\/content\/contact-form\/\" target=\"_blank\" rel=\"noopener noreferrer\">Demander le statut<\/a><br \/>\n<\/span><\/div><div class=\"false toggle-title nz-clearfix\"><span class=\"toggle-title-header\"><span><strong>News<\/strong><\/span><\/span><span class=\"arrow\"><\/span><\/div> <div id=\"news\" class=\"toggle-content nz-clearfix\">Texte n&#8217;est pas encore disponible.<\/div><div class=\"false toggle-title nz-clearfix\"><span class=\"toggle-title-header\"><span><strong>Photos<\/strong><\/span><\/span><span class=\"arrow\"><\/span><\/div> <div id=\"photos\" class=\"toggle-content nz-clearfix\">Texte n&#8217;est pas encore disponible.<\/div><div class=\"false toggle-title nz-clearfix\"><span class=\"toggle-title-header\"><span><strong>Vid\u00e9os<\/strong><\/span><\/span><span class=\"arrow\"><\/span><\/div> <div id=\"videos\" class=\"toggle-content nz-clearfix\">Texte n&#8217;est pas encore disponible.<\/div><\/div> [\/vc_column][\/vc_row]<\/p>\n","protected":false},"excerpt":{"rendered":"<p>Claritas est etiam processus dynamicus, qui sequitur mutationem consuetudium lectorum. Mirum est notare quam littera gothica, quam nunc putamus parum claram, anteposuerit litterarum formas humanitatis per seacula quarta decima et quinta decima. Eodem modo typi, qui nunc nobis videntur parum clari, fiant sollemnes in futurum.<\/p>\n","protected":false},"author":1,"featured_media":0,"parent":0,"menu_order":0,"comment_status":"closed","ping_status":"closed","template":"page-vc.php","meta":{"footnotes":""},"class_list":["post-3784","page","type-page","status-publish","hentry"],"_links":{"self":[{"href":"https:\/\/aacippbc.com\/content\/wp-json\/wp\/v2\/pages\/3784","targetHints":{"allow":["GET"]}}],"collection":[{"href":"https:\/\/aacippbc.com\/content\/wp-json\/wp\/v2\/pages"}],"about":[{"href":"https:\/\/aacippbc.com\/content\/wp-json\/wp\/v2\/types\/page"}],"author":[{"embeddable":true,"href":"https:\/\/aacippbc.com\/content\/wp-json\/wp\/v2\/users\/1"}],"replies":[{"embeddable":true,"href":"https:\/\/aacippbc.com\/content\/wp-json\/wp\/v2\/comments?post=3784"}],"version-history":[{"count":47,"href":"https:\/\/aacippbc.com\/content\/wp-json\/wp\/v2\/pages\/3784\/revisions"}],"predecessor-version":[{"id":4490,"href":"https:\/\/aacippbc.com\/content\/wp-json\/wp\/v2\/pages\/3784\/revisions\/4490"}],"wp:attachment":[{"href":"https:\/\/aacippbc.com\/content\/wp-json\/wp\/v2\/media?parent=3784"}],"curies":[{"name":"wp","href":"https:\/\/api.w.org\/{rel}","templated":true}]}}