{"id":4138,"date":"2017-05-21T21:11:31","date_gmt":"2017-05-21T21:11:31","guid":{"rendered":"http:\/\/aacippbc.com\/content\/?page_id=4138"},"modified":"2018-12-16T21:35:08","modified_gmt":"2018-12-16T21:35:08","slug":"profil-ndefi-bakitanga","status":"publish","type":"page","link":"https:\/\/aacippbc.com\/content\/profil-ndefi-bakitanga\/","title":{"rendered":"NDEFI BAKITANGA"},"content":{"rendered":"<h4>Pr\u00e9sident fondateur<\/h4>\n<p><img loading=\"lazy\" decoding=\"async\" class=\"size-medium wp-image-4017 alignleft\" src=\"http:\/\/aacippbc.com\/content\/wp-content\/uploads\/2016\/11\/president-1084-300x300.jpg\" alt=\"Mot du pr\u00e9sident\" width=\"300\" height=\"300\" srcset=\"https:\/\/aacippbc.com\/content\/wp-content\/uploads\/2016\/11\/president-1084-300x300.jpg 300w, https:\/\/aacippbc.com\/content\/wp-content\/uploads\/2016\/11\/president-1084-150x150.jpg 150w, https:\/\/aacippbc.com\/content\/wp-content\/uploads\/2016\/11\/president-1084-440x440.jpg 440w, https:\/\/aacippbc.com\/content\/wp-content\/uploads\/2016\/11\/president-1084-180x180.jpg 180w, https:\/\/aacippbc.com\/content\/wp-content\/uploads\/2016\/11\/president-1084-600x600.jpg 600w, https:\/\/aacippbc.com\/content\/wp-content\/uploads\/2016\/11\/president-1084.jpg 640w\" sizes=\"auto, (max-width: 300px) 100vw, 300px\" \/><br \/>\nD\u00e9tenteur d\u2019un dipl\u00f4me d\u2019\u00e9tudes secondaires g\u00e9n\u00e9rales, option Math- Physique, il a \u00e9tudi\u00e9 pendant 2 ans en polytechniques \u00e0 l\u2019universit\u00e9 de Kinshasa en RD Congo avant d\u2019immigrer en Italie en 1988. Pendant ses deux premi\u00e8res ann\u00e9es en Italie, il a travaill\u00e9 en tant qu\u2019ouvrier dans des exploitations agricoles.<br \/>\nIl a ensuite travaill\u00e9 dans une usine de fabrication de divers produits en mati\u00e8res plastiques en tant que superviseur, avant de faire des \u00e9tudes en gemmologie de diamants bruts comme autodidacte.<br \/>\nC\u2019est en 2002 qu\u2019il s\u2019est lanc\u00e9 officiellement en affaires avec la cr\u00e9ation de l\u2019entreprise Ndefi import-export, inscrite \u00e0 la Chambre de commerce de Teramo en Italie, pour l\u2019exportation des tracteurs et mat\u00e9riels agricoles vers le Congo Brazzaville et d\u2019autres pays du bassin du fleuve Congo. En 2005, il a lanc\u00e9 l\u2019entreprise NB\/ Agri Moderne qui a \u00e9t\u00e9 \u00e0 la base de la fondation de l\u2019Association des agriculteurs Congolais et Italiens au Pool et Plateaux Bat\u00e9k\u00e9.<\/p>\n","protected":false},"excerpt":{"rendered":"<p>Pr\u00e9sident fondateur D\u00e9tenteur d\u2019un dipl\u00f4me d\u2019\u00e9tudes secondaires g\u00e9n\u00e9rales, option Math- Physique, il a \u00e9tudi\u00e9 pendant 2 ans en polytechniques \u00e0 l\u2019universit\u00e9 de Kinshasa en RD Congo avant d\u2019immigrer en Italie en 1988. Pendant ses deux premi\u00e8res ann\u00e9es en Italie, il a travaill\u00e9 en tant qu\u2019ouvrier dans des exploitations agricoles. Il a ensuite travaill\u00e9 dans une [&hellip;]<\/p>\n","protected":false},"author":1,"featured_media":0,"parent":0,"menu_order":0,"comment_status":"closed","ping_status":"open","template":"","meta":{"footnotes":""},"class_list":["post-4138","page","type-page","status-publish","hentry"],"_links":{"self":[{"href":"https:\/\/aacippbc.com\/content\/wp-json\/wp\/v2\/pages\/4138","targetHints":{"allow":["GET"]}}],"collection":[{"href":"https:\/\/aacippbc.com\/content\/wp-json\/wp\/v2\/pages"}],"about":[{"href":"https:\/\/aacippbc.com\/content\/wp-json\/wp\/v2\/types\/page"}],"author":[{"embeddable":true,"href":"https:\/\/aacippbc.com\/content\/wp-json\/wp\/v2\/users\/1"}],"replies":[{"embeddable":true,"href":"https:\/\/aacippbc.com\/content\/wp-json\/wp\/v2\/comments?post=4138"}],"version-history":[{"count":5,"href":"https:\/\/aacippbc.com\/content\/wp-json\/wp\/v2\/pages\/4138\/revisions"}],"predecessor-version":[{"id":4573,"href":"https:\/\/aacippbc.com\/content\/wp-json\/wp\/v2\/pages\/4138\/revisions\/4573"}],"wp:attachment":[{"href":"https:\/\/aacippbc.com\/content\/wp-json\/wp\/v2\/media?parent=4138"}],"curies":[{"name":"wp","href":"https:\/\/api.w.org\/{rel}","templated":true}]}}